. What is a(1)?
-12
Let x(b) = -b**2 + 23*b - 76. What is x(19)?
0
Let p(g) = 11*g - 70. Give p(7).
7
Let u(x) = -x**2 + 31*x - 24. Calculate u(30).
6
Let k(s) = 9*s - 116. What is k(12)?
-8
Let n(o) = -o - 21. Determine n(-11).
-10
Let g(j) = j**3 - 7*j - 5. Determine g(-1).
1
Let n(z) = z**3 - 4*z**2 + 4*z - 3. Determine n(2).
-3
Let n(u) = -4*u - 24. Calculate n(-5).
-4
Let b(w) = 4*w**3 - w**2 + w + 1. Give b(-1).
-5
Let g(v) = -33*v + 37. What is g(2)?
-29
Let o(x) = -8*x + 6. Determine o(4).
-26
Let p(z) = z**2 - 22*z + 14. Determine p(21).
-7
Let v(r) = r**2 + 24*r + 129. What is v(-16)?
1
Let a(w) = w - 4. Calculate a(6).
2
Let z(u) = 2*u**3 + 9*u**2 + 4*u - 8. Determine z(-3).
7
Let s(a) = 2*a**2 + 2*a - 17. Calculate s(4).
23
Let o(n) = -2*n**3 - 6*n**2 + 3*n + 13. Give o(-4).
33
Let k(g) = 119*g**2 - g + 1. What is k(1)?
119
Let m(d) = 6*d**2 - d + 3. Determine m(-4).
103
Let b(j) = -2*j**2 + j. Give b(0).
0
Let m(n) = n**3 + 9*n**2 - 12*n - 12. Determine m(-10).
8
Let z(s) = -5*s**3 - 3*s**2 - 8*s - 2. Calculate z(-3).
130
Let i(u) = 2*u - 4. Calculate i(5).
6
Let c(z) = -z**2 + 31*z - 213. Give c(12).
15
Let y(u) = 2*u**2 + 50*u - 15. What is y(-25)?
-15
Let p(s) = s**2 - 16*s - 24. What is p(-6)?
108
Let i(j) = j**2 - j. Calculate i(6).
30
Let o(p) = p - 3. Calculate o(-4).
-7
Let s(c) = c - 68. Calculate s(6).
-62
Let x(r) = -r - 27. Calculate x(-16).
-11
Let y(x) = -x**2 + 18*x - 77. Calculate y(12).
-5
Let g(q) = -3*q - 25. Determine g(-6).
-7
Let z(p) = -p - 21. Determine z(-7).
-14
Let s(i) = -i**2 + 18*i + 36. Calculate s(-2).
-4
Let k(j) = j + 5. Determine k(-2).
3
Let w(o) = o**2 - 5*o + 3. Determine w(3).
-3
Let v(h) = 11*h - 23. Determine v(3).
10
Let h(k) = -3*k - 30. Give h(-3).
-21
Let s(i) = 2*i**2 + 34*i + 27. Determine s(-16).
-5
Let r(n) = n**3 - 13*n**2 - n + 17. Calculate r(13).
4
Let n(w) = -w + 16. Give n(-6).
22
Let w(o) = -o**3 - o**2 + 17*o + 12. What is w(4)?
0
Let o(y) = y + 3. Calculate o(7).
10
Let o(h) = -h - 57. Calculate o(0).
-57
Let m(w) = -2*w + 16. Determine m(11).
-6
Let h(n) = n**2 + 18*n + 70. Calculate h(-11).
-7
Let m(u) = -u**3 + 16*u**2 + 2*u - 25. Determine m(16).
7
Let o(h) = h**3 + 9*h**2 + 10*h + 9. Give o(-8).
-7
Let u(q) = -q**2 + 9*q + 5. Give u(9).
5
Let w(h) = -3*h**3 - 17*h**2 - 25*h - 71. Calculate w(-5).
4
Let p(r) = -r**2 - 39*r - 2. Give p(-38).
36
Let u(b) = -323*b - 315. Give u(-1).
8
Let z(h) = h**3 + 11*h**2 + 31*h + 9. What is z(-3)?
-12
Let n(b) = 17*b + 5. What is n(-3)?
-46
Let x(c) = -c**2 + 108*c + 1448. What is x(-12)?
8
Let k(h) = h**3 - 8*h**2 - 7*h - 4. Give k(9).
14
Let n(k) = k**2 - 2*k + 2. Determine n(3).
5
Let s(j) = j**3 + 3*j**2 - 5*j - 4. Calculate s(-5).
-29
Let x(v) = v**3 - 11*v**2 + 22*v. Calculate x(9).
36
Let l(o) = o**3 - 21*o**2 + 22*o - 25. What is l(20)?
15
Let y(d) = d**3 - 6*d - 1. Calculate y(-4).
-41
Let a(w) = w**3 + 9*w**2 + 11*w + 12. What is a(-8)?
-12
Let n(c) = -c**2 - c + 13. Determine n(6).
-29
Let v(x) = -x**3 - 35*x**2 + 5. Calculate v(-35).
5
Let g(l) = -l**3 - 18*l**2 - 17*l - 4. Determine g(-17).
-4
Let a(i) = -i**2 - 15*i - 25. Determine a(-12).
11
Let c(q) = -9*q**3 + 6*q**2 + 6*q + 1. What is c(-1)?
10
Let m(h) = h**2 - 13*h - 4. Give m(11).
-26
Let p(y) = -y**2 + 5*y - 5. Calculate p(3).
1
Let s(q) = -q**3 + 15*q**2 + 17*q - 19. Calculate s(16).
-3
Let x(u) = -u + 4. What is x(4)?
0
Let k(u) = u**3 - 5*u**2 - u + 6. Determine k(2).
-8
Let k(m) = -29*m**3 - 2*m**2 + 2*m - 1. Calculate k(1).
-30
Let r(a) = 2*a**2 - 7*a - 29. Calculate r(-3).
10
Let p(d) = -d**3 - 13*d**2 - 9*d + 1. Give p(-12).
-35
Let u(a) = a**2 + 6*a - 6. Calculate u(-6).
-6
Let t(w) = -15*w + 26. What is t(3)?
-19
Let q(n) = 11*n + 108. Give q(-9).
9
Let n(c) = c**2 + 51*c + 224. Determine n(-5).
-6
Let n(h) = -h**3 + 13*h**2 + 15*h - 12. What is n(14)?
2
Let f(o) = -25*o + 139. What is f(5)?
14
Let j(x) = -11*x - 71. What is j(-4)?
-27
Let r(w) = -5*w**3 + w**2 + w - 1. Give r(-2).
41
Let j(s) = 6*s. What is j(-4)?
-24
Let u(o) = -8*o**2 - 3*o - 3. Calculate u(-2).
-29
Let x(l) = -l**3 + 8*l**2 + 13*l - 28. Determine x(9).
8
Let b(x) = x - 25. Give b(0).
-25
Let r(h) = -67*h**3 - 2*h**2 - 3*h - 1. Calculate r(-1).
67
Let p(b) = 6*b + 101. Give p(-17).
-1
Let m(o) = -50*o - 6. Determine m(0).
-6
Let i(u) = u - 7. What is i(14)?
7
Let h(i) = -3*i**3 + 87*i**2 + 91*i - 29. Give h(30).
1
Let s(k) = -k**3 + 4*k**2 + 3*k + 4. Give s(5).
-6
Let o(r) = -r**2 + 48*r - 88. What is o(2)?
4
Let i(y) = -y**3 - 8*y**2 - 3*y + 6. Give i(-8).
30
Let t(s) = s**3 + s**2 - 8*s + 1. Calculate t(2).
-3
Let n(w) = -2*w**2 + 2*w + 14. Give n(5).
-26
Let y(r) = 2*r**2 - 6*r + 3. What is y(3)?
3
Let s(c) = 2*c**2 - 17*c - 8. Calculate s(9).
1
Let i(m) = -2*m**2 + m - 10. What is i(0)?
-10
Let h(n) = -2*n**2 + 41*n + 24. What is h(21)?
3
Let y(a) = a**2 - 9*a + 1. What is y(8)?
-7
Let w(s) = -20*s - 3. What is w(-2)?
37
Let m(i) = -6*i**2 + 2. What is m(-3)?
-52
Let l(s) = -5*s**2 - 5*s - 1. Give l(-2).
-11
Let v(t) = t**3 - 10*t**2 + 10*t - 13. Determine v(9).
-4
Let r(g) = 2*g - 6. What is r(5)?
4
Let c(v) = 32*v + 65. Calculate c(-4).
-63
Let v(j) = -82*j**2 + 2*j - 1. Calculate v(1).
-81
Let k(g) = -g**2 + 12*g + 83. Calculate k(16).
19
Let d(k) = -k**3 + 9*k**2 + 10*k - 24. What is d(10)?
-24
Let y(d) = -8*d + 150. Give y(23).
-34
Let o(d) = 3*d. Determine o(-2).
-6
Let v(o) = -5*o**2 - 80*o - 11. Give v(-16).
-11
Let s(g) = -9*g**3. What is s(-1)?
9
Let y(q) = q**3 + 16*q**2 + 48*q + 5. Give y(-12).
5
Let u(b) = b**3 - 13*b**2 - 14*b + 15. Give u(14).
15
Let f(m) = -m**3 - 2*m**2 + 4*m - 13. What is f(-4)?
3
Let a(m) = -5*m**2 + 8*m - 4. Give a(2).
-8
Let p(d) = d**2 - 9*d - 6. Determine p(9).
-6
Let h(u) = -30*u + 23. Determine h(1).
-7
Let a(t) = t**3 - t**2 - 7*t + 9. What is a(-3)?
-6
Let p(w) = 2*w**2 - 12*w + 8. Calculate p(7).
22
Let u(y) = -y**3 + 15*y**2 + 6*y - 9. Calculate u(15).
81
Let a(w) = w**2 - 15*w - 10. What is a(13)?
-36
Let a(r) = -r**2 + 10*r - 23. Give a(10).
-23
Let r(z) = z**3 - 13*z**2 + 7*z - 100. What is r(13)?
-9
Let c(i) = -11*i**2 - 57*i - 1. Calculate c(-5).
9
Let v(b) = -22*b**3 + b. Give v(1).
-21
Let n(h) = -h**3 + 3*h**2 + 7*h + 12. Give n(6).
-54
Let b(z) = -z**3 - 6*z**2 + 21*z - 5. Determine b(-9).
49
Let c(f) = -7*f + 1. Calculate c(1).
-6
Let u(s) = 4*s + 1. Give u(8).
33
Let v(c) = -c**2 + 8*c - 1. Give v(6).
11
Let v(c) = -c**2 + 5*c + 14. Calculate v(7).
0
Let a(l) = -l**2 + 74*l + 399. What is a(-5)?
4
Let o(n) = n**3 + 19*n**2 + 16*n - 42. What is o(-18)?
-6
Let s(v) = -7*v**2 + 8*v - 6. Determine s(3).
-45
Let m(h) = 3*h**3 + h**2 - 3*h + 2. Calculate m(1).
3
Let y(k) = -k**3 + 2*k**2 + 2*k. Determine y(3).
-3
Let o(m) = 3*m**3 - 148*m**2 + 50*m - 42. Calculate o(49).
7
Let g(k) = 9*k + 33. Calculate g(-8).
-39
Let u(j) = -j**2 - 21*j - 45. What is u(-14)?
53
Let p(c) = 2*c**2 + 5*c - 8. What is p(-6)?
34
Let b(z) = z**3 - 27*z**2 - 56*z - 18. What is b(29)?
40
Let f(t) = t + 7. Give f(-2).
5
Let g(c) = c**3 - c**2 - 3*c + 39. Calculate g(0).
39
Let j(l) = 40*l + 1193. Calculate j(-30).
-7
Let r(m) = -10*m**3 + 2*m**2 + m. Give r(-1).
11
Let q(l) = -l**3 + 4*l**2 - 2*l - 1. Give q(3).
2
Let k(s) = -33*s - 4. Give k(-1).
29
Let z(i) = i**2 - 11*i - 8. Calculate z(13).
18
Let v(m) = 2*m + 9. What is v(6)?
21
Let d(f) = -f - 15. What is d(-13)?
-2
Let k(n) = 3*n + 4. What is k(-1)?
1
Let x(m) = -8*m + 6. Calculate x(-4).
38
Let n(i) = i**2 - 8*i - 2. What is n(9)?
7
Let k(z) = z**3 - 5*z + 4. Give k(4).
48
Let r(m) = 4*m**2 + 5. Give r(0).
5
Let f(c) = -5*c + 51. What is f(12)?
-9
Let z(k) = -k**2 - 16*k + 76. Determine z(-20).
-4
Let i(v) = 7*v - 3. What is i(6)?
39
Let c(s) = -s**3 - 8*s**2 - 5*s + 3. Give c(-2).
-11
Let n(g) = -2*g - 37. Determine n(-21).
5
Let s(g) = g**2 - 23*g - 15. Calculate s(24).
9
Let u(c) = 12*c - 17. Determine u(2).
7
Let l(z) = -z**3 - 24*z**2 + 2*z + 47. Give l(-24).
-1
Let b(y) = -9*y**2 + 35*y - 2. Determine b(4).
-6
Let q(g) = -g**3 + 4*g**2 - 4*g + 3. What is q(3)?
0
Let x(t) = 3*t**2 - 6*t - 14. Give x(6).
58
Let c(k) = k - 18. Give c(15).
-3
Let i(a) = 4*a + 2. What is i(-2)?
-6
Let s(a) = a**2 - 8*a - 2. Calculate s(12).
46
Let u(w) = w**3 - 13*w**2 - 5. What is u(13)?
-5
Let o(u) = u**3